- 5*s**2 - 3*s. Let z be h(4). Let a(q) = q + 3*q - 2 - q + z. What is a(2)?
4
Suppose t - 4 + 2 = 0. Let c(d) = 4*d - 1. Let a(k) = 5*k. Let n(i) = t*a(i) - 3*c(i). Calculate n(3).
-3
Let c(i) be the first derivative of -5*i**2/2 - i - 168. What is c(-4)?
19
Suppose -6 = -4*o + 2. Let w(z) = -2*z**2 - 5 + z**o + 3 + 10*z - 6. Give w(8).
8
Let q = 87 + -53. Let i = 2 + q. Let t(x) = -15 + i - x - 20. Give t(7).
-6
Let f(w) = -8*w - 4. Suppose 21 = 103*l - 96*l. What is f(l)?
-28
Let w(f) = f**3 + 11*f**2 + 3*f + 36. Let z be w(-11). Let i(q) = -q**3 + 5*q**2 - 5*q + 3. Calculate i(z).
6
Let c(w) = 6 + 7*w**2 - 3 - w**3 - 5*w + 1. Let m(o) = 7*o**2 - 57*o - 58. Let r be m(-1). What is c(r)?
10
Let r(i) = i**2 - 11*i - 5. Let u = 197 - 185. What is r(u)?
7
Let q be (-1 - 0)*(0/1)/1. Let d(b) = -b. What is d(q)?
0
Let g(o) = -o**2 - o + 1. Suppose 0 = 11*v - 18 - 37. Let k be 5/v - (-2 - -2). Determine g(k).
-1
Let h(v) = 5*v**2 + 43*v - 48. Let g(l) = -3*l**2 - 22*l + 24. Let j(q) = -7*g(q) - 4*h(q). Let y be j(17). Let p(n) = -n**2 + 5*n. Give p(y).
-14
Suppose -5*x - n = 126, 2*n - 2 = 4*n. Let v = -20 - x. Let r(z) = -z**3 + 4*z**2 + 3*z + 1. Give r(v).
-9
Let i(q) = -13*q**2 - 47*q. Let z(h) = -3*h**2 - 10*h. Let w(y) = 2*i(y) - 9*z(y). Let u(c) = c**3 + 6*c**2 + 5*c + 3. Let j be u(-5). Calculate w(j).
-3
Let j(u) = 2*u**2 + 5*u - 7. Let n(a) be the first derivative of a**3/3 + a**2 - 4*a + 46. Let r(p) = 3*j(p) - 5*n(p). Give r(-6).
5
Let y(d) = 2 - 3*d + 2 + 4*d. Suppose 0 = -5*n - 2*u - 8, 3*n - 3 = -3*u - 15. Determine y(n).
4
Let q = -181 + 164. Let c be 2/q + (-120)/136. Let g(y) = -4*y**2 + y + 1. Give g(c).
-4
Let f(s) be the first derivative of s**2/2 + 64. Calculate f(-6).
-6
Let p = 1114 + -1119. Let s(o) = 7*o + 12. Give s(p).
-23
Let n(t) = -t + 8. Let k be n(15). Let m(o) be the first derivative of -10*o + 2 - 1/2*o**2. Determine m(k).
-3
Let o(u) = -32*u**2 - u - u - 4*u + 16*u**2 + 14*u**2 - 3. Let c(y) = -y**2 - 5*y - 3. Let z be c(-3). Suppose z*l = -12 - 0. Give o(l).
-11
Let r(g) = g**2 - 4*g - 7. Let u(v) = -29*v + 11. Let i(w) = 19*w - 7. Let k(q) = 8*i(q) + 5*u(q). Let y be k(1). Determine r(y).
5
Let c(u) be the third derivative of 1/8*u**4 + 0*u + 0 - 2/3*u**3 - 28*u**2. Calculate c(-5).
-19
Let q(y) = -y**3 + 6*y**2 - 6*y + 4. Let p be (-9 + 6)*(-36)/27. What is q(p)?
12
Let n(i) = i - 9. Let f be n(9). Let r(p) = -p**3 + p**2 - p. Let h be ((-5)/1)/(1 + 0). Let b(x) = 1. Let s(l) = h*b(l) - r(l). What is s(f)?
-5
Let i(z) = 11*z**3 - 2*z**2 - z. Let m be (4 - (-52)/(-12))*-12. Suppose -3*k + m*o = 19, k = -0*o + 2*o - 9. Calculate i(k).
-12
Let b(c) = c**3 + 8*c**2 - 8*c + 13. Suppose 5*o = -i - 42, -o + i = 33 - 21. Determine b(o).
4
Let r = -27 + 21. Let d(k) = -5*k**3 - 15*k**2 - 13*k - 13. Let m(b) = -2*b**3 - 7*b**2 - 6*b - 6. Let l(q) = r*d(q) + 13*m(q). What is l(-1)?
-5
Let f(c) = c**3 + 6*c**2 + 4*c - 3. Let o = 14 + -12. Suppose 4*y = 5*v - 49, 4*y + 10 = -o*v + 4*v. Suppose -2*s = v - 3. Calculate f(s).
2
Let n(s) = s**2 - 7*s + 3. Let r = -34 + 40. Let l be 3 + (r/(-10))/((-27)/90). Calculate n(l).
-7
Suppose -16*w - 28 = -23*w. Suppose -s = -2 - w. Let a(f) = -1 + 2*f + f**2 - 1 - 7*f. Give a(s).
4
Let w(c) = -c**3 + 5*c**2 + 8*c - 3. Suppose -36*k - 78 = -49*k. What is w(k)?
9
Suppose 32 = 5*a + 3*a. Suppose 3*t + a*u - 3 = -25, 17 = -2*t - 5*u. Let k(g) = -g**3 - 6*g**2 + 5*g + 7. What is k(t)?
-23
Let y be (12/5)/(27/(-360)). Let g = 35 + y. Let v(q) = q**3 + q**2 + 1 - q - 2*q**2 - 2*q**2. Give v(g).
-2
Suppose -2*d + 62 = -2*s, 6*s + 93 = 3*s + d. Let w = s + 43. Let i(v) = 8*v - 2*v**2 - 1 + v**2 - v**3 - w*v - 2. Calculate i(-2).
9
Let x(n) be the second derivative of -n**6/360 - n**5/30 - n**4/6 + n**3/6 - 7*n. Let d(a) be the second derivative of x(a). Suppose -5*i - 12 = 3. Give d(i).
-1
Let s(m) = -248*m + 4 - 260*m + 509*m. Suppose -2*x = -7*x - 25. What is s(x)?
-1
Let z(h) = 9*h**3 - 2*h**2 + 1. Let x(k) = k**2 - 22*k + 97. Let q be x(16). Calculate z(q).
8
Let d(i) = 2*i - 27. Let s be d(15). Let m(r) = 3*r + 4. Give m(s).
13
Let s(q) be the first derivative of 4*q**2 - 14*q + 5. Let w be s(8). Suppose -4*x = -5*h - 15 - 30, 5*x = 5*h + w. Let n(o) = o**2 + 4*o - 2. Calculate n(h).
3
Suppose -32*m + 30*m + 8 = 0. Suppose -7 - m = 3*q - t, q - t + 1 = 0. Let h(v) = 2*v + 5. Give h(q).
-5
Let l(g) = -3*g**2 - 4*g - 2. Let u = 20 - 15. Suppose -39 = u*f - 199. Let z be (-72)/f + (-2)/(-8). Calculate l(z).
-6
Let m(o) = o + 1. Let n be m(0). Let d(l) = -3*l + 6. Let z be d(n). Let y(g) = -g**3 + 3*g**2 - 3*g + 3. Calculate y(z).
-6
Let m(x) be the second derivative of x**4/12 + x**3/2 - 6*x**2 + 63*x. What is m(-5)?
-2
Let q = -86 - -108. Let w(o) = o**2 - 32*o + 48*o - q*o - 11. Determine w(8).
5
Let u(a) = a - 7. Let p(h) = h**3 + 8*h**2 + 5. Let n be p(-8). Let t be u(n). Let x(y) = 4*y**2 + 2*y. Calculate x(t).
12
Let s(p) be the first derivative of 3*p**2/2 + 5*p + 18. Let a(r) = -2*r + r + 5 + 0*r + 3*r. Let u(z) = -5*a(z) + 4*s(z). Give u(5).
5
Let s(c) = -3*c - 2. Suppose -2*l - 9 = -4*u + 39, 5*l + u + 98 = 0. Let i = -22 - l. Determine s(i).
4
Suppose 4*l + 41 = 125. Suppose -3*b + 9 = l. Let f(p) = p**2 + 3*p - 1. What is f(b)?
3
Let u(l) be the third derivative of l**4/24 + 2*l**3/3 + 11*l**2 - 7*l. What is u(4)?
8
Let v = -158 - -172. Let k(r) = r**2 - 14*r - 4. Calculate k(v).
-4
Let v(l) = -l**3 + 5*l**2 + 6*l - 6. Suppose 15 = 2*k + 3. Let w be v(k). Let s be w/54 + 16/(-18). Let f(h) = 9*h**2 + 2*h + 1. Determine f(s).
8
Let h(o) = 7*o**2 + 12 + o**3 + 5*o + 17*o - 11*o + 2*o**2. Determine h(-8).
-12
Let p(t) = -t**3 - 5*t**2 + 6*t + 3. Let s be p(-6). Suppose -3*x = -b - 13, 0 = 3*x + b - s - 2. Let f(g) = g - 4. Determine f(x).
-1
Let a(u) = 26*u**3 + 3*u**2 - 14. Let t(v) = -17*v**3 - 2*v**2 + 10. Let j(n) = 5*a(n) + 7*t(n). Give j(1).
12
Let i(j) = j + 9*j - 20 + 10*j - j**2 - 13*j + 7. Give i(6).
-7
Let j(s) = -2*s**3 + 4*s**2 - 17*s + 10. Let t(w) = -w**3 + w**2 - 9*w + 5. Let c(p) = 3*j(p) - 5*t(p). What is c(6)?
5
Suppose 0 = 2*h - 4*m - 16, -4*m = 3*h + 1 + 5. Let k be 0 - (1 - (3 - 0)). Let c(w) = -k*w**3 - 2 + w + w**2 + 3*w - 1. What is c(h)?
-7
Let c(b) = -176*b + 60 - 52 - b**2 + 172*b. Calculate c(-6).
-4
Let s = 11 - 7. Suppose 48 = -s*b - 0*b. Let y = -10 - b. Let h(q) = -3*q - 2. What is h(y)?
-8
Let w(r) = r**3 - 16*r**2 - 14*r - 50. Let s be w(17). Let f(h) = h - 3. Let z be f(6). Let m(k) = 0 - 3*k**2 + s + 2*k**2 + z*k**3 + 0. Give m(1).
3
Let p be (-32)/(-20) - 2/(-5). Let r(t) = p - 2 - 17*t - 2*t**2 + 16*t. Let u = -119 - -118. Determine r(u).
-1
Let g(c) be the first derivative of c**3/3 + 10*c**2 + 2*c + 397. Give g(-20).
2
Let j(f) = f**2 + 2*f + 4. Suppose 8*w = 3*w - 5. Let t(r) = -r. Let x(k) = w*j(k) + 5*t(k). What is x(-6)?
2
Let h(u) = -24*u - 3. Let t be (-2)/(-1) - (-28)/(-7). Calculate h(t).
45
Suppose -2*b = -5*a + 12, -4*a - 3*b + 28 + 0 = 0. Let d(j) = -2*j + 2*j**2 - 6*j**2 - 3*j**2 - a*j - 5 - j**3. Calculate d(-6).
-5
Let g be 2*-2 + (-14)/7. Let m(f) be the first derivative of -f**2/2 - 2*f - 20. Give m(g).
4
Let c(r) = -3*r - 4. Suppose 0 = -5*i - y - 22, y + 3 = 4*i + 26. Let j be c(i). Suppose -7*n + j*n = 0. Let p(l) = -l**2 + l + 4. Calculate p(n).
4
Let k(r) = 2*r + 4. Let t(h) = -h**3 + 12*h**2 - 10*h - 14. Let n be -2 - -12 - 5/5*-1. Let m be t(n). Give k(m).
-2
Let m(p) = p**3 + 6*p**2 + 2*p + 9. Let y be m(-6). Let b(t) = -4*t**3 + 3*t**3 - t**2 + 513*t - 510*t - 3 + 0*t**2. Give b(y).
6
Let h = -495 + 504. Let d(x) = x**3 - 7*x**2 - 17*x - 7. What is d(h)?
2
Let g be (-1182)/21 - (-8)/28. Let b be 3*(2 + g/(-12)). Let c = b - 14. Let u(w) = w**2 - 6*w - 5. What is u(c)?
-5
Let z(q) be the first derivative of -q**4/4 + 7*q**3/3 + 11*q**2/2 + 5*q + 55. What is z(8)?
29
Let y(d) = d**3 - 4*d**2 - d + 5. Suppose 0 = -37*o + 26*o + 44. Calculate y(o).
1
Let r(q) = -q**2 - 3*q + 5. Let l be 0 + -6 - (5 + -6). Let i be r(l). Let u(j) = j**2 + 5*j + 6. Give u(i).
6
Suppose -3*z + 4*d = -16, z - 5*d = -z + 20. Let x be (3/2)/(3/8). Let h(l) = -8 - 7 + l - l**2 + x. What is h(z)?
-11
Let s(n) = -2*n**3 + 4*n**2 + 6*n - 1. Let i(t) = -t**3 + 4*t**2 + 5*t - 1. Let q(d) = -4*i(d) + 3*s(d). Let r = -32 - -8. Let h = r - -22. Wha